actor of 5203?
False
Does 23 divide 943?
True
Is 26163 a multiple of 57?
True
Is 11 a factor of 5929?
True
Does 135 divide 4995?
True
Does 26 divide 3251?
False
Is 81 a factor of 107811?
True
Is 86947 a multiple of 11?
False
Does 5 divide 138?
False
Is 2466 a multiple of 33?
False
Is 10 a factor of 4660?
True
Is 2 a factor of 120?
True
Is 47 a multiple of 12?
False
Is 26 a factor of 1860?
False
Does 98 divide 122588?
False
Does 69 divide 27876?
True
Is 21 a factor of 3696?
True
Does 40 divide 252?
False
Does 20 divide 9061?
False
Is 6018 a multiple of 118?
True
Does 3 divide 242?
False
Is 6 a factor of 6?
True
Does 115 divide 8280?
True
Is 24 a factor of 7673?
False
Is 10 a factor of 120?
True
Is 17 a factor of 5487?
False
Does 230 divide 71070?
True
Is 28327 a multiple of 16?
False
Is 8325 a multiple of 9?
True
Is 3690 a multiple of 15?
True
Does 2 divide 14393?
False
Is 73 a factor of 832?
False
Is 78311 a multiple of 9?
False
Is 5334 a multiple of 21?
True
Does 29 divide 1082?
False
Does 9 divide 1900?
False
Is 21 a factor of 84?
True
Is 816 a multiple of 48?
True
Does 45 divide 5490?
True
Is 5 a factor of 568?
False
Is 13 a factor of 169?
True
Is 11571 a multiple of 87?
True
Does 67 divide 2278?
True
Is 149 a factor of 154662?
True
Is 54591 a multiple of 5?
False
Does 7 divide 1309?
True
Does 5 divide 2310?
True
Is 24 a factor of 1872?
True
Is 5554 a multiple of 9?
False
Is 90641 a multiple of 23?
False
Is 1146 a multiple of 91?
False
Does 6 divide 1323?
False
Does 12 divide 18372?
True
Is 5310 a multiple of 45?
True
Is 855 a multiple of 45?
True
Does 105 divide 5460?
True
Is 77 a factor of 1369?
False
Is 47 a factor of 58327?
True
Is 18 a factor of 4518?
True
Is 20 a factor of 13708?
False
Is 111 a factor of 3578?
False
Is 16 a factor of 1476?
False
Is 238 a multiple of 7?
True
Is 11729 a multiple of 44?
False
Is 9 a factor of 459?
True
Does 13 divide 4290?
True
Is 4651 a multiple of 107?
False
Is 2938 even?
True
Is 23 a factor of 20214?
False
Does 48 divide 24480?
True
Is 27470 a multiple of 82?
True
Is 6 a factor of 96?
True
Is 12 a factor of 365?
False
Is 136 a multiple of 17?
True
Does 6 divide 432?
True
Is 238 a multiple of 14?
True
Is 3 a factor of 3902?
False
Is 4356 a multiple of 198?
True
Is 15028 a multiple of 6?
False
Does 75 divide 20625?
True
Is 66 a factor of 4356?
True
Is 4 a factor of 1644?
True
Does 72 divide 15480?
True
Is 68 a factor of 947?
False
Does 16 divide 1870?
False
Is 250 a multiple of 58?
False
Is 517 a multiple of 33?
False
Is 3 a factor of 101?
False
Is 175 a multiple of 7?
True
Is 50344 a multiple of 248?
True
Does 27 divide 1647?
True
Does 15 divide 21240?
True
Does 40 divide 1760?
True
Does 11 divide 231?
True
Is 391 a multiple of 2?
False
Is 4 a factor of 48?
True
Does 16 divide 1547?
False
Is 28325 a multiple of 11?
True
Is 3 a factor of 2223?
True
Is 1391 a multiple of 107?
True
Is 5087 a multiple of 6?
False
Is 715 a multiple of 32?
False
Is 2 a factor of 42?
True
Is 30004 a multiple of 26?
True
Is 19 a factor of 33096?
False
Is 598 a multiple of 17?
False
Is 109 a multiple of 3?
False
Is 3 a factor of 1338?
True
Does 64 divide 40768?
True
Is 51159 a multiple of 37?
False
Is 972 a multiple of 27?
True
Is 12175 a multiple of 18?
False
Is 903 a multiple of 8?
False
Does 17 divide 229?
False
Does 64 divide 512?
True
Is 4145 a multiple of 66?
False
Is 1558 a multiple of 82?
True
Does 3 divide 123?
True
Is 1890 a multiple of 27?
True
Does 41 divide 5125?
True
Is 3663 a multiple of 99?
True
Is 26 a factor of 29084?
False
Does 64 divide 448?
True
Does 3 divide 152?
False
Is 663 a multiple of 18?
False
Does 45 divide 1350?
True
Is 206 a multiple of 10?
False
Is 5 a factor of 292?
False
Is 33 a factor of 682?
False
Is 17 a factor of 7255?
False
Is 17 a factor of 9605?
True
Is 26 a factor of 338?
True
Does 213 divide 713?
False
Does 39 divide 428?
False
Is 12 a factor of 72?
True
Is 575 a multiple of 25?
True
Is 1645 a multiple of 4?
False
Is 90 a factor of 1549?
False
Does 13 divide 16302?
True
Is 1687 a multiple of 7?
True
Is 5434 a multiple of 38?
True
Is 1041 a multiple of 17?
False
Is 2 a factor of 1850?
True
Is 12 a factor of 140?
False
Is 168 a multiple of 8?
True
Does 21 divide 1158?
False
Is 123 a factor of 23701?
False
Is 12 a factor of 20916?
True
Is 759 a multiple of 20?
False
Is 10409 a multiple of 4?
False
Is 782 a multiple of 10?
False
Is 42 a factor of 4068?
False
Is 2880 a multiple of 8?
True
Is 11932 a multiple of 36?
False
Is 14501 a multiple of 223?
False
Is 75 a factor of 6675?
True
Does 25 divide 21987?
False
Is 7 a factor of 10605?
True
Does 16 divide 26727?
False
Is 4 a factor of 5933?
False
Does 5 divide 382?
False
Does 56 divide 321?
False
Is 9 a factor of 216?
True
Does 23 divide 8280?
True
Does 15 divide 255?
True
Is 1034 a multiple of 9?
False
Does 33 divide 5283?
False
Is 582 a multiple of 20?
False
Is 2 a multiple of 2?
True
Is 15353 a multiple of 94?
False
Is 2016 a multiple of 21?
True
Is 443 a multiple of 12?
False
Does 130 divide 4189?
False
Does 6 divide 262?
False
Is 33 a factor of 72183?
False
Does 11 divide 4011?
False
Is 33 a factor of 2815?
False
Is 19920 a multiple of 40?
True
Is 41 a factor of 2050?
True
Does 25 divide 40926?
False
Is 40 a factor of 81680?
True
Is 1120 a multiple of 28?
True
Does 2 divide 436?
True
Is 58 a factor of 8991?
False
Is 29 a factor of 1798?
True
Does 21 divide 1176?
True
Is 22 a factor of 176?
True
Does 13 divide 1118?
True
Is 40 a factor of 67720?
True
Does 16 divide 27968?
True
Is 42 a factor of 94290?
True
Is 2 a factor of 364?
True
Is 6635 a multiple of 9?
False
Does 3 divide 11955?
True
Is 2835 a multiple of 9?
True
Is 238 a multiple of 21?
False
Does 34 divide 31790?
True
Is 2823 a multiple of 80?
False
Does 215 divide 37625?
True
Does 35 divide 4060?
True
Does 23 divide 217?
False
Is 5 a factor of 10175?
True
Is 14 a factor of 215?
False
Is 620 a multiple of 20?
True
Is 10 a factor of 8390?
True
Is 13680 a multiple of 72?
True
Is 44 a factor of 45540?
True
Is 17 a factor of 16252?
True
Is 25184 a multiple of 45?
False
Is 8576 a multiple of 128?
True
Does 119 divide 21498?
False
Does 21 divide 3853?
False
Does 55 divide 2750?
True
Does 18 divide 10728?
True
Does 33 divide 27753?
True
Is 28 a factor of 1176?
True
Does 47 divide 1081?
True
Does 85 divide 170?
True
Is 20 a factor of 4980?
True
Is 12231 a multiple of 27?
True
Does 92 divide 1196?
True
Is 3071 a multiple of 83?
True
Is 10 a factor of 259?
False
Is 1701 a multiple of 90?
False
Is 11 a factor of 58641?
True
Does 43 divide 645?
True
Does 40 divide 22553?
False
Is 1120 a multiple of 16?
True
Is 48 a multiple of 2?
True
Is 1672 a multiple of 8?
True
Is 1258 a multiple of 37?
True
Is 7 a factor of 3461?
False
Is 3 a factor of 235?
False
Does 33 divide 10801?
False
Does 99 divide 5569?
False
Is 1050 a multiple of 50?
True
Is 1230 a multiple of 82?
True
Is 5 a factor of 518?
False
Does 45 divide 2565?
True
Does 39 divide 2224?
False
Is 100 a factor of 2100?
True
Is 18015 a multiple of 174?
False
Does 44 divide 2828?
False
Does 46 divide 1630?
False
Is 69 a factor of 10675?
False
Is 55080 a multiple of 216?
True
Is 2656 a multiple of 128?
False
Does 44 divide 12716?
True
Is 44 a factor of 118228?
True
Is 331 a factor of 16064?
False
Does 78 divide 27456?
True
Is 41 a factor of 4169?
False
Is 65 a factor of 52005?
False
Is 54 a factor of 940?
False
Is 5753 a multiple of 85?
False
Is 7797 a multiple of 71?
False
Does 15 divide 24425?
False
Is 4013 a multiple of 14?
False
Is 6220 a multiple of 8?
False
Is 16 a factor of 1296?
True
Is 30 a factor of 16800?
True
Is 42884 a multiple of 215?
False
Is 116 a factor of 6079?
False
Is 3334 a multiple of 3?
False
Does 42 divide 1201?
False
Is 4404 a multiple of 19?
False
Is 1559 a multiple of 15?
False
Is 2873 a multiple of 97?
False
Does 3 divide 387?
True
Is 7386 a multiple of 95?
False
Is 30 a factor of 120?
True
Is 1278 a multiple of 73?
False
Does 4 divide 213?
False
Does 5 divide 43547?
False
Is 1952 a multiple of 16?
True
Is 622 a multiple of 34?
False
Does 11 divide 859?
False
Does 39 divide 17784?
True
Does 38 divide 85766?
True
Does 86 divide 793?
False
Does 206 divide 35844?
True
Does 22 divide 31892?
False
Is 18094 a multiple o